742?
3
What is the thousands digit of 3904773?
4
What is the units digit of 1151023?
3
What is the units digit of 3267192?
2
What is the ten thousands digit of 11767009?
6
What is the hundreds digit of 48087?
0
What is the thousands digit of 2838585?
8
What is the ten millions digit of 11342148?
1
What is the thousands digit of 755371?
5
What is the hundred thousands digit of 2730451?
7
What is the tens digit of 95830?
3
What is the thousands digit of 179080?
9
What is the ten thousands digit of 3721772?
2
What is the tens digit of 331286?
8
What is the millions digit of 4914009?
4
What is the hundreds digit of 10890968?
9
What is the hundred thousands digit of 312059?
3
What is the ten thousands digit of 15626078?
2
What is the ten thousands digit of 1559446?
5
What is the ten thousands digit of 23931028?
3
What is the millions digit of 3876254?
3
What is the ten thousands digit of 439240?
3
What is the units digit of 381379?
9
What is the tens digit of 6263480?
8
What is the tens digit of 284870?
7
What is the hundred thousands digit of 2227087?
2
What is the hundreds digit of 4130259?
2
What is the hundreds digit of 73487?
4
What is the hundreds digit of 1239571?
5
What is the thousands digit of 265330?
5
What is the ten thousands digit of 6801319?
0
What is the ten thousands digit of 359943?
5
What is the tens digit of 19821?
2
What is the hundred thousands digit of 766871?
7
What is the ten thousands digit of 634775?
3
What is the millions digit of 6035207?
6
What is the hundred thousands digit of 26734479?
7
What is the ten millions digit of 15121584?
1
What is the thousands digit of 4087397?
7
What is the thousands digit of 2541975?
1
What is the millions digit of 8803638?
8
What is the hundred thousands digit of 686294?
6
What is the units digit of 801230?
0
What is the ten millions digit of 14350638?
1
What is the ten millions digit of 19042610?
1
What is the units digit of 3583313?
3
What is the tens digit of 206463?
6
What is the hundreds digit of 15288463?
4
What is the units digit of 1852828?
8
What is the tens digit of 180722?
2
What is the ten thousands digit of 201524?
0
What is the ten thousands digit of 18267?
1
What is the tens digit of 9451632?
3
What is the thousands digit of 4251115?
1
What is the ten thousands digit of 6038525?
3
What is the units digit of 3414421?
1
What is the thousands digit of 1284892?
4
What is the thousands digit of 1874147?
4
What is the hundreds digit of 158824?
8
What is the tens digit of 288697?
9
What is the ten thousands digit of 214688?
1
What is the ten thousands digit of 3387059?
8
What is the thousands digit of 2416320?
6
What is the millions digit of 7355343?
7
What is the ten thousands digit of 44626?
4
What is the hundred thousands digit of 1645385?
6
What is the hundreds digit of 2420045?
0
What is the millions digit of 6838188?
6
What is the ten thousands digit of 407892?
0
What is the ten thousands digit of 1346710?
4
What is the tens digit of 521136?
3
What is the hundreds digit of 180987?
9
What is the hundreds digit of 3043967?
9
What is the hundred thousands digit of 6117855?
1
What is the ten thousands digit of 231930?
3
What is the hundred thousands digit of 237286?
2
What is the ten thousands digit of 12541874?
4
What is the units digit of 269326?
6
What is the hundreds digit of 1814017?
0
What is the tens digit of 4040257?
5
What is the hundred thousands digit of 179391?
1
What is the millions digit of 25720645?
5
What is the tens digit of 2289490?
9
What is the units digit of 2410326?
6
What is the ten thousands digit of 11895786?
9
What is the ten millions digit of 13816170?
1
What is the thousands digit of 50079?
0
What is the hundred thousands digit of 5143218?
1
What is the hundred thousands digit of 775329?
7
What is the thousands digit of 19041358?
1
What is the units digit of 664?
4
What is the hundred thousands digit of 1725398?
7
What is the thousands digit of 1123287?
3
What is the tens digit of 269841?
4
What is the millions digit of 6015878?
6
What is the hundreds digit of 384561?
5
What is the millions digit of 1431948?
1
What is the ten thousands digit of 284285?
8
What is the tens digit of 596834?
3
What is the ten thousands digit of 19778406?
7
What is the units digit of 88798?
8
What is the thousands digit of 811751?
1
What is the hundred thousands digit of 29090698?
0
What is the ten thousands digit of 11087175?
8
What is the millions digit of 4569724?
4
What is the millions digit of 22585257?
2
What is the thousands digit of 455417?
5
What is the hundreds digit of 1095084?
0
What is the ten thousands digit of 13421534?
2
What is the hundreds digit of 153694?
6
What is the units digit of 6119520?
0
What is the tens digit of 291761?
6
What is the millions digit of 5970611?
5
What is the thousands digit of 111556?
1
What is the hundreds digit of 2912705?
7
What is the hundreds digit of 13240535?
5
What is the hundreds digit of 531823?
8
What is the millions digit of 3021453?
3
What is the hundred thousands digit of 267442?
2
What is the ten thousands digit of 164518?
6
What is the thousands digit of 12613030?
3
What is the millions digit of 10212967?
0
What is the hundred thousands digit of 21594402?
5
What is the units digit of 41211?
1
What is the ten thousands digit of 57913?
5
What is the ten thousands digit of 17119324?
1
What is the ten thousands digit of 8425380?
2
What is the ten thousands digit of 2363555?
6
What is the ten thousands digit of 127197?
2
What is the tens digit of 200098?
9
What is the hundreds digit of 450323?
3
What is the hundred thousands digit of 3410114?
4
What is the millions digit of 1618385?
1
What is the thousands digit of 349382?
9
What is the units digit of 184377?
7
What is the hundred thousands digit of 690868?
6
What is the hundred thousands digit of 354367?
3
What is the thousands digit of 774803?
4
What is the hundred thousands digit of 12804786?
8
What is the millions digit of 1817100?
1
What is the thousands digit of 231347?
1
What is the hundreds digit of 4878023?
0
What is the thousands digit of 358964?
8
What is the hundred thousands digit of 493171?
4
What is the hundred thousands digit of 4606742?
6
What is the ten thousands digit of 2589865?
8
What is the units digit of 4353459?
9
What is the ten thousands digit of 1153485?
5
What is the hundreds digit of 240944?
9
What is the ten thousands digit of 115789?
1
What is the ten thousands digit of 215917?
1
What is the hundred thousands digit of 289048?
2
What is the tens digit of 21417949?
4
What is the units digit of 118018?
8
What is the ten thousands digit of 4539121?
3
What is the ten thousands digit of 2033174?
3
What is the tens digit of 271237?
3
What is the ten thousands digit of 871084?
7
What is the hundred thousands digit of 103881?
1
What is the ten thousands digit of 69745?
6
What is the thousands digit of 977400?
7
What is the millions digit of 8070776?
8
What is the hundreds digit of 1319984?
9
What is the hundred thousands digit of 523030?
5
What is the units digit of 2454302?
2
What is the tens digit of 1965682?
8
What is the tens digit of 15039411?
1
What is the tens digit of 118889?
8
What is the hundreds digit of 1465022?
0
What is the tens digit of 1768103?
0
What is the hundreds digit of 3105355?
3
What is the units digit of 5725766?
6
What is the thousands digit of 6006026?
6
What is the thousands digit of 7563556?
3
What is the millions digit of 3682600?
3
What is the tens digit of 3167152?
5
What is the units digit of 286142?
2
What is the ten thousands digit of 1343662?
4
What is the hundreds digit of 7491344?
3
What is the hundreds digit of 596133?
1
What is the ten thousands digit of 8132675?
3
What is the units digit of 792152?
2
What is the ten thousands digit of 1032368?
3
What is the units digit of 92778?
8
What is the hundred thousands digit of 291671?
2
What is the tens digit of 14396398?
9
What is the tens digit of 569554?
5
What is the thousands digit of 876527?
6
What is the tens digit of 150943?
4
What is the millions digit of 9591566?
9
What is the tens digit of 3947930?
3
What is the hundred thousands digit of 118766?
1
What is the millions digit of 1147266?
1
What is the millions digit of 2875886?
2
What is the units d